4/2). Give i(a).
32
Suppose 44 = -5*y - 3*z, 3 = -y + 4*z + 8. Let n(l) be the third derivative of -l**5/60 - l**4/4 + l**3 + 10*l**2 + 22*l. Determine n(y).
-1
Let l be ((-4)/(-12))/(5/32) + -2. Let d(b) be the third derivative of 1/4*b**4 + 0*b + 0 + 1/120*b**6 + 1/3*b**3 + l*b**5 + 18*b**2. Calculate d(-7).
9
Let a(f) be the first derivative of -1/2*f**2 + 1 - 6*f. Let i be 9*(13 + -14) + 6. Determine a(i).
-3
Let l(p) = 48 + 35*p + 16*p - 479*p**2 + 9*p - 13*p + 477*p**2. Calculate l(-1).
-1
Let l(c) = 21*c**2 + 3*c + 8. Let v(h) = 17*h**2 + h + 13. Let a(k) = 4*l(k) - 5*v(k). Determine a(6).
-27
Let m(b) = -b**2 - 4*b - 6. Let n(u) = 4*u**2 - 5*u - 8. Let g(d) = 9*d**2 + 7*d**2 - 17*d**2 - d. Let w(c) = 2*g(c) + n(c). Let a be w(4). Determine m(a).
-6
Let l(o) = -o - 6. Let c be l(-6). Let d(x) = -1 - x**2 + 30*x + 24*x + 18*x - 91*x + 18*x. What is d(c)?
-1
Let g = 11 - -2. Suppose -18*y = -g*y - 15. Let u(f) = 4*f**2 + f**2 + f + 1 + f**3 - f**2 - y*f**2. Determine u(-1).
0
Let l(v) = -15*v**2. Suppose -c + 0*c + 24 = 0. Suppose 2*d = 4*d - c. Suppose 2*u - 14 = -d. Give l(u).
-15
Let k(w) = -14 + 6889*w - 6886*w - 20. Give k(7).
-13
Let c(y) = -13 + y + 0*y + 1 + 9 + 1 - 2*y**2. Suppose 0 = 5*l - 78 + 463. Let m be (-20)/(-11) + (-14)/l. Determine c(m).
-8
Suppose -415 - 690 = -85*l. Let z(j) = j**3 - 12*j**2 - 8*j - 74. Determine z(l).
-9
Suppose i + 1 = -0*i. Let d(k) = -6*k**2 + k + 1. Let h be d(i). Let w(c) = -c - 275. Let t(q) = -20*q - 5780. Let g(b) = -t(b) + 21*w(b). Give g(h).
11
Let q(t) be the second derivative of -2*t**2 + 7/6*t**3 - 29*t + 0 - 1/12*t**4. What is q(6)?
2
Let p(m) be the third derivative of m**4/24 - 4*m**3/3 - m**2. Suppose 3147*n - 35694 = -819*n. Determine p(n).
1
Let v(u) = -2*u - 6. Let w be v(-6). Let m(n) be the second derivative of n**3/2 + n**2 - n - 507. Give m(w).
20
Suppose 23*u - 21*u + 4*h = -10, 2*u = 3*h + 18. Let y(i) = -14*i**2 - 2*i**3 + i**3 - 2 + 17*i**2. What is y(u)?
-2
Let s be 1/(1569/393 + -4). Let j be -258*5/10 + -1. Let g = s - j. Let w(z) = -3*z - 1. What is w(g)?
2
Let p(z) be the second derivative of z**5/10 + 2*z**4/3 - z**3/3 - 5*z**2/2 + 2733*z. What is p(-4)?
3
Suppose -6*z + 2 = -5*z. Let m(v) = 3*v**2 + 3*v + 2. Let k(f) = 7*f**2 + 7*f + 5. Let w(o) = z*k(o) - 5*m(o). Let l = -1658 + 1654. What is w(l)?
-12
Suppose 0 = 5*r - 10, 2*c - 12 = -8*r + 3*r. Suppose -t - 2*y = c, -3*y + 2*y + 40 = 5*t. Let s(d) = 3*d - t*d + 4*d - 2. What is s(2)?
-6
Let n(a) = -a**3 + 2*a**2 - a - 1. Let x(v) = -6*v**3 + 4*v**2 + 3*v + 5. Suppose -2*y = 83 - 73. Let z(f) = y*n(f) + x(f). Give z(-7).
3
Let h(k) be the first derivative of k**4/4 + 11*k**3/3 + k**2/2 + 14*k + 942. Suppose -6 = w + 5*y, -3*w = -8*w + y - 56. Give h(w).
3
Let m = 5 + -5. Let h = -5 - m. Let c(g) be the second derivative of -g**3/6 - 2*g**2 + 278*g - 2. Give c(h).
1
Let t(r) be the second derivative of 11*r**3/6 + 3*r**2/2 + r + 889. Give t(-2).
-19
Let i be 24/(-10)*((-464)/48 + 13) - -6. Let o(u) = 22*u**2 - 2*u - 3. Calculate o(i).
89
Let u(r) be the first derivative of r**3/6 + 2*r**2 + 41*r - 153. Let i(n) be the first derivative of u(n). What is i(6)?
10
Let p(c) = -3*c - 26. Let l(q) = 11*q - 306. Let r(b) = l(b) - 2*p(b). Give r(15).
1
Let l(x) = -2*x**2 + 34*x + 3. Let k(i) = 2*i. Let a(n) = -3*k(n) + l(n). What is a(14)?
3
Let j = 9852 - 9839. Let c(a) = 6*a - 84. What is c(j)?
-6
Let d(x) = 18*x + 3. Let g = -14067 + 14067. Determine d(g).
3
Suppose 234*g - 49*g + 1295 = 0. Let b(v) = -16*v - 13. Calculate b(g).
99
Let x(k) = 555*k**2 - 349*k**2 - 17*k - 27 - 204*k**2. Give x(10).
3
Let t = 925 + -920. Let o be 9/(1 - -2) - -5. Suppose 27 = t*p - o. Let z(k) = -k**3 + 8*k**2 - 7*k - 3. Calculate z(p).
-3
Let j be ((-128)/(-224))/(4/14)*-8. Let o(l) = -l**3 - 16*l**2 - 27. Determine o(j).
-27
Let t(b) = 4*b**2 - 13*b**3 + 14*b**3 - 6 - 4 - 5*b**2 - 8*b. Let w be t(4). Let g(z) = 2*z + 8. Give g(w).
20
Let n(g) = 1263 - 1274 - 33*g + 13*g. Determine n(-3).
49
Let y(z) = z**2 + 11*z + 6. Suppose 6 = -k, 4*k + 38 = 4*h + 30. What is y(h)?
-22
Let y(b) = -2780*b + 895*b + 136 + 926*b + 922*b + 8*b**2 + 63 - b**3. Calculate y(7).
-11
Let f = -41 - -44. Let b(k) = 2*k + 2*k**3 - 3*k**f + 5 - 2*k**2 + k**2 - 5*k**2. Determine b(-6).
-7
Suppose 0 = -7*z + 957 - 3141. Let i = -311 - z. Let y(u) = -36*u**3 + 1. Determine y(i).
-35
Let o(a) be the third derivative of a**6/120 - a**5/12 - a**4/6 + 2*a**3/3 - 52*a**2 + 2*a. Let k be 4 + 3 + (-3 - -1). Calculate o(k).
-16
Let d(a) = -a**3 - 5*a**2 + 2*a - 6. Suppose 76*k - 185 = 71*k. Suppose 0 = -k*i + 33*i - 20. Calculate d(i).
-16
Suppose -3*t + 0*t = -6. Let l(j) = -16*j**2 - 3*j + 5. Let f(r) = -841*r + 2 + 8*r**2 + 842*r - 4. Let i(m) = t*l(m) + 5*f(m). Give i(-1).
9
Let k(q) = -9*q**2 - 1. Suppose 8*s - 18 = 2*s. Suppose 2*u = -5*b + 9, s*b - 4*u + 2*u + 1 = 0. Determine k(b).
-10
Suppose -8*z + 10*z + 2 = -4*j, 5*z = -3*j - 5. Let d(u) = -17*u**3 - u**2 - 2*u - 5. Let f(v) = -1. Let k(n) = -d(n) + 4*f(n). Determine k(z).
-17
Let f(w) be the second derivative of w**6/360 + w**5/20 - w**4/6 - 5*w**3 - w**2 - 61*w. Let d(x) be the second derivative of f(x). Determine d(-6).
-4
Let l(w) = w**2 + 2*w - 4. Let d(u) = -u**3 - 41*u**2 + u + 37. Let s be d(-41). Determine l(s).
4
Let z(s) = 26 - 14*s + 86 + 118 + 62. Let k be z(21). Let j(v) = v**2 - v + 2. Give j(k).
8
Let j(p) = 2*p**3 + 5*p**2 + 3*p + 4. Suppose -20*r = -3118 - 1302. Let g = r - 224. Calculate j(g).
-14
Suppose 24*i - 31*i + 18*i - 165 = 0. Let v(o) = 4*o - 52. Determine v(i).
8
Let u(z) = -4*z + z**3 - 6*z + z - 4*z**2 - 14. Let h be u(6). Let v(f) = -f**2 + 0*f**2 + 1 - h - 3*f. Determine v(3).
-21
Let v(l) = 3*l**2 + 36*l - 2. Let a(p) = 2*p**2 + 31*p + 5. Let x(d) = -4*a(d) + 3*v(d). Calculate x(16).
-26
Let x(h) = -11*h - 117. Let s be x(-22). Let g = s - 139. Let w(y) = y + 13. Give w(g).
-1
Suppose -44 = -2*s - 2*p - 30, -2*s - p + 11 = 0. Suppose 0 = c + 5*t - 2 + 5, c + s*t = -2. Let h(z) = 3*z - z**3 + 0*z - z. Give h(c).
-4
Let z(w) be the first derivative of 1/2*w**2 - 181 - 8*w. Determine z(9).
1
Suppose -3 = 3*i - q, 12*i + 22 = 7*i - 4*q. Let b be (2/i)/(14/42). Let d(r) = -10*r - 7. Let z(f) = 9*f + 6. Let a(t) = -5*d(t) - 6*z(t). Determine a(b).
11
Let l = 22 + -32. Let p(d) = d + d**3 + 11*d**2 + 8 + 1 + 9*d - 12. Calculate p(l).
-3
Let y(q) = 8*q**3 - 16*q**3 - 2*q**2 + 2*q**2 + q**2 + 4*q**3 - q + 1. Suppose 0 = -3*g - g + 12. Let o = g - 2. What is y(o)?
-3
Let d = 309 + -277. Let r(w) = 2*w - 33 - 35 - d + 92. What is r(4)?
0
Suppose 144*s + 41 = 145*s - 5*q, -6 = -3*s + 2*q. Let r(z) = -2*z**2 - 18*z - 49. Give r(s).
-9
Let v(m) = -24*m - 1. Suppose 0 = -0*k + 2*k + 4. Let x be k/8 + (-10)/(-8). Determine v(x).
-25
Let n(k) = -81*k + 26 - 1 + 11 + 45. Give n(1).
0
Let y(q) = -7*q + 2. Let s(o) = -10*o + 3. Let t(h) = 3*s(h) - 4*y(h). Suppose 0 = 4*k - 7 + 19. Give t(k).
7
Let m(d) be the third derivative of -d**6/120 - 7*d**5/60 - 11*d**4/24 - 5*d**3/6 - 207*d**2. Determine m(-4).
-9
Let v = -31 + 34. Suppose -v*l + 12 = 6. Let b(o) = 2*o**3 + 4*o**2 + 6*o + 3. Let u(i) = i**3 + 2*i**2 + 3*i + 2. Let z(t) = l*b(t) - 5*u(t). What is z(-3)?
14
Let j(i) = -304*i + 148*i + 16 + 0 + 4 + 155*i. Calculate j(9).
11
Let k(g) = -g**2 + 19*g + 28. Let x be 16 - (34/(-8) + (-12)/(-48)). Give k(x).
8
Suppose -4 = 9*y - 40. Suppose 24 = y*a - 3*d - 12, 0 = -2*d. Suppose 6 = 4*w + 4*i - 6, 0 = 2*w + 5*i - a. Let m(s) = s**3 - s**2 + 1. What is m(w)?
5
Let m(q) be the second derivative of q**5/10 - 13*q**4/4 - 11*q**3/3 + 43*q**2/2 + 4*q + 5. Calculate m(20).
3
Suppose -o + 16 = o. Suppose z - 15 = -2*z, 4*z = 3*r + o. Let j(b) = -2 + b - 2*b + r. Calculate j(0).
2
Let c(p) = -p - 7. Let i be c(-6). Let o(t) be the second derivative of -t**4/12 - t**3/2 - t**2/2 - 2*t + 142131. Calculate o(i).
1
Let v(g) = 48*g**2 + 6*g + 2*g**2 - 14 + 14*g**2 + 20. Give v(-1).
64
Suppose -2*u + 0*u = 0. Suppose 2 = m - 0*m + 2*h, 5*m + 5*h - 25 = 0. Suppose u = -0*w - m*w. Let s(g) = -g**3 + g - 16. Give s(w).
-16
Let j(g) = -2*g + 65. Let s be j(0). Suppose -57 + s = -2*b. Let n(p) = 4*p. What is n(b)?
-16
Let s(t) be the second derivative of -2*t - 1/2*t**2 + 1/12*t**4 - 1/6*t**3 - 13. Determine s(-4).